he prime factors of 1660960177?
2617, 634681
What are the prime factors of 640725661?
293, 907, 2411
List the prime factors of 1243347113.
1973, 630181
What are the prime factors of 1615786501?
7, 23, 10035941
What are the prime factors of 1455044274?
2, 3, 113, 715361
List the prime factors of 580957694.
2, 17, 47, 211, 1723
List the prime factors of 36099534.
2, 3, 17, 353917
List the prime factors of 540111424.
2, 8439241
What are the prime factors of 223696395?
3, 5, 13, 389, 983
List the prime factors of 347448021.
3, 821, 141067
List the prime factors of 32384618.
2, 7, 2313187
What are the prime factors of 515518019?
127, 4059197
What are the prime factors of 60458581?
60458581
List the prime factors of 830922848.
2, 7, 29, 127913
What are the prime factors of 415090722?
2, 3, 69181787
What are the prime factors of 5594208?
2, 3, 19, 3067
What are the prime factors of 2552309626?
2, 1276154813
List the prime factors of 517314542.
2, 258657271
What are the prime factors of 187234608?
2, 3, 11, 101, 3511
What are the prime factors of 1976395655?
5, 13, 30406087
What are the prime factors of 12550427?
1367, 9181
What are the prime factors of 1533209653?
25703, 59651
What are the prime factors of 112917734?
2, 56458867
List the prime factors of 1128614871.
3, 2297, 163781
List the prime factors of 216390943.
17, 19, 31, 21611
What are the prime factors of 61431752?
2, 683, 11243
What are the prime factors of 50801485?
5, 7, 101, 2053
List the prime factors of 116521132.
2, 7, 13, 320113
List the prime factors of 1413713279.
11, 37, 43, 80779
List the prime factors of 37700125.
5, 301601
List the prime factors of 1124211292.
2, 17, 16532519
What are the prime factors of 107985878?
2, 7, 11, 13, 53939
What are the prime factors of 411690118?
2, 7, 211, 139367
List the prime factors of 6151751.
107, 57493
What are the prime factors of 42736373?
42736373
What are the prime factors of 4164748619?
1093, 3810383
List the prime factors of 183442915.
5, 463, 79241
What are the prime factors of 1961634632?
2, 19, 109, 118399
What are the prime factors of 9112017410?
2, 5, 23, 109, 363463
List the prime factors of 4655736414.
2, 3, 7, 1709, 7207
List the prime factors of 1177365444.
2, 3, 457, 214691
What are the prime factors of 87610265?
5, 17, 37, 89, 313
List the prime factors of 704023624.
2, 88002953
What are the prime factors of 161932056?
2, 3, 11, 13, 29, 1627
What are the prime factors of 319055749?
319055749
What are the prime factors of 4088544628?
2, 7, 3877, 37663
List the prime factors of 51177309.
3, 137, 239, 521
What are the prime factors of 25172488?
2, 11, 23, 12437
What are the prime factors of 7810666?
2, 1543, 2531
List the prime factors of 249064992.
2, 3, 11, 29, 2711
What are the prime factors of 5852701?
1693, 3457
List the prime factors of 26353721.
29, 908749
What are the prime factors of 545480654?
2, 272740327
What are the prime factors of 25050476?
2, 11, 149, 3821
List the prime factors of 866607442.
2, 19, 193, 118163
What are the prime factors of 39402704?
2, 11, 131, 1709
What are the prime factors of 2094576235?
5, 4481, 93487
What are the prime factors of 1247025510?
2, 3, 5, 523, 8831
List the prime factors of 5372969920.
2, 5, 1327, 12653
List the prime factors of 1176061254.
2, 3, 23, 1901, 4483
List the prime factors of 4786378212.
2, 3, 7, 11, 41, 18049
What are the prime factors of 1124518716?
2, 3, 4649, 6719
List the prime factors of 24220989.
3, 13, 207017
List the prime factors of 767374640.
2, 5, 47, 127, 1607
List the prime factors of 65776358.
2, 31, 73, 14533
What are the prime factors of 32542425?
3, 5, 37, 1303
List the prime factors of 1232871100.
2, 5, 47, 262313
List the prime factors of 690358797.
3, 17, 97, 181, 257
What are the prime factors of 132110474?
2, 457, 144541
List the prime factors of 35043838.
2, 3469, 5051
List the prime factors of 90271448.
2, 43, 397, 661
List the prime factors of 536166092.
2, 7, 11, 19, 91621
What are the prime factors of 1279305096?
2, 3, 53, 109, 9227
What are the prime factors of 448028140?
2, 5, 7, 3200201
List the prime factors of 56362398.
2, 3, 19, 494407
What are the prime factors of 158654291?
691, 229601
List the prime factors of 54503369.
1259, 43291
List the prime factors of 721362892.
2, 19, 23, 563, 733
What are the prime factors of 755253428?
2, 188813357
What are the prime factors of 126244800?
2, 3, 5, 11, 797
What are the prime factors of 238460067?
3, 23, 1151981
What are the prime factors of 5302923?
3, 1767641
List the prime factors of 236541792.
2, 3, 19, 41, 3163
List the prime factors of 2767691557.
991, 2792827
List the prime factors of 346027009.
2579, 134171
What are the prime factors of 33562114?
2, 17, 773, 1277
What are the prime factors of 19667812?
2, 19, 258787
What are the prime factors of 86503004?
2, 7, 17, 181729
List the prime factors of 294378242.
2, 23, 6399527
List the prime factors of 1647401944.
2, 205925243
List the prime factors of 108120012.
2, 3, 7, 11, 13, 9001
What are the prime factors of 410434464?
2, 3, 11, 137, 2837
List the prime factors of 373536245.
5, 61, 1224709
What are the prime factors of 1533401797?
2851, 537847
What are the prime factors of 77367254?
2, 829, 46663
What are the prime factors of 308616884?
2, 77154221
List the prime factors of 2090877.
3, 41, 89, 191
What are the prime factors of 24670832?
2, 139, 11093
What are the prime factors of 56485140?
2, 3, 5, 229, 4111
List the prime factors of 249433699.
249433699
What are the prime factors of 1745405895?
3, 5, 17, 157, 43597
List the prime factors of 580957110.
2, 3, 5, 19, 12583
List the prime factors of 37404677.
37404677
List the prime factors of 928356513.
3, 7, 347, 127399
What are the prime factors of 742146911?
11, 23, 811, 3617
What are the prime factors of 68798513?
7, 89, 110431
List the prime factors of 243781128.
2, 3, 443, 7643
List the prime factors of 2409127689.
3, 803042563
List the prime factors of 31549926.
2, 3, 17, 309313
What are the prime factors of 595634423?
17, 271, 129289
List the prime factors of 578607599.
2851, 202949
List the prime factors of 31974535.
5, 17, 376171
What are the prime factors of 37544839?
103, 364513
List the prime factors of 21970010.
2, 5, 31, 131, 541
What are the prime factors of 68524843?
23, 43, 193, 359
What are the prime factors of 287146405?
5, 7, 13, 17, 37123
List the prime factors of 4869049638.
2, 3, 24763, 32771
List the prime factors of 9300781.
7, 1328683
What are the prime factors of 74544176?
2, 7, 665573
List the prime factors of 12611288.
2, 19, 29, 2861
List the prime factors of 329472723.
3, 23, 4774967
List the prime factors of 4004610768.
2, 3, 1223, 22739
What are the prime factors of 316699077?
3, 263, 401393
List the prime factors of 43472171.
19, 2288009
What are the prime factors of 45451064?
2, 17, 334199
What are the prime factors of 164200262?
2, 29, 2831039
List the prime factors of 3549197621.
47, 311, 242813
List the prime factors of 940509387.
3, 677, 5717
What are the prime factors of 2187057672?
2, 3, 23, 146743
What are the prime factors of 45861035?
5, 11, 29, 28753
What are the prime factors of 2113762325?
5, 661, 127913
List the prime factors of 85447443.
3, 977, 29153
What are the prime factors of 860131394?
2, 31, 67, 207061
What are the prime factors of 742888108?
2, 185722027
What are the prime factors of 95741400?
2, 3, 5, 159569
List the prime factors of 1655601341.
23, 79, 911173
List the prime factors of 66243766.
2, 19, 191, 9127
What are the prime factors of 1622622844?
2, 405655711
List the prime factors of 1516515278.
2, 19273, 39343
List the prime factors of 3631541.
3631541
List the prime factors of 97461321.
3, 32487107
List the prime factors of 516090088.
2, 64511261
What are the prime factors of 37379416?
2, 23, 53, 3833
List the prime factors of 383855204.
2, 47, 2041783
List the prime factors of 32077424.
2, 2004839
List the prime factors of 51888764.
2, 1741, 7451
List the prime factors of 1388685877.
33317, 41681
List the prime factors of 36638304.
2, 3, 79, 4831
What are the prime factors of 20820600?
2, 3, 5, 43, 269
What are the prime factors of 27746532?
2, 3, 11, 70067
List the prime factors of 371861354.
2, 163, 114067